ctors of u?
3, 37
Suppose 67982 = a - 3*d, -17*d = -14*d + 24. List the prime factors of a.
2, 11, 3089
Suppose -9*j - 11 = -83. Let x(f) = f**2 - 16*f + 95. What are the prime factors of x(j)?
31
Let i(z) = 171*z**3 + 2 + 0 - 938*z**3 + 3*z + 800*z**2 - 798*z**2. List the prime factors of i(-1).
2, 3
Let k(r) = 708*r + 4628. List the prime factors of k(34).
2, 5, 7, 41
Suppose -2*c = 4, n - 4*n + 4*c = 64. List the prime factors of (-2)/(-4)*81 + n/(-16).
2, 3, 7
Let v(q) = 3*q**3 - 3*q**2 - 2*q + 2. Let c be v(2). Suppose -4170 = c*d - 20*d. List the prime factors of d.
3, 139
Suppose 3*z + 3*l = -1746, -5*l + 4*l + 582 = -z. Suppose 2*t = 4*b - 68, -2*t - b - 3*b - 76 = 0. List the prime factors of (z/(-8))/((-27)/t).
97
Let g = 411 + -387. Suppose -g*a + 5186 = -1678. What are the prime factors of a?
2, 11, 13
Let a = 130 + -134. Let f be 18/4*a/(-36)*6. Suppose -5*h + f*h + 3*c = -595, -c - 299 = -h. What are the prime factors of h?
2, 151
Let j = 3465 - -4981. List the prime factors of j.
2, 41, 103
Suppose 3*d = -3*o + 2613, -944 + 63 = -o - 3*d. What are the prime factors of o?
2, 433
Let t(c) = 4*c - 2. Suppose -1 = -d - 1. Let m be t(d). List the prime factors of (m/4)/(6/(-1224)).
2, 3, 17
Suppose -3*n - 15 = -24. Suppose -858 = -4*r + 2*r - n*y, 1280 = 3*r + y. List the prime factors of r.
2, 3, 71
Let s(l) = -l**3 + 64*l**2 + 5*l + 13. What are the prime factors of s(10)?
3, 607
Suppose -32947 = -3*o - 4*w, 15 = 3*w + 3. List the prime factors of o.
3, 3659
List the prime factors of -4 - (-6 + 3) - (-14296 + 20).
5, 571
Suppose 0 = 3*i - 556 - 269. Let j = 419 - i. List the prime factors of j.
2, 3
Let v be -4 - (3 + -20)*1. Let g(i) = 0*i - 14 - i**2 - 14*i + 6*i**2 - 3*i**2. List the prime factors of g(v).
2, 71
Suppose 7*h = a + 6*h + 3, 4*a + 3*h - 16 = 0. What are the prime factors of (-5 - 2155/(-5))*1*a?
2, 3, 71
Let r(y) = -14*y**3 - 5*y**2 + 9*y - 8. Let j be r(-5). Suppose 54 - j = -6*d. What are the prime factors of d?
11, 23
Let j = -108 + 98. Let r(p) = -2*p**2 - 29*p + 27. Let y(x) = -3*x**2 - 44*x + 40. Let k(o) = 8*r(o) - 5*y(o). What are the prime factors of k(j)?
2, 3
Let d(w) = -636*w - 43. Let c be d(-8). Suppose -1703 + c = 6*j. List the prime factors of j.
557
What are the prime factors of (24/18)/((-200)/(-2111550))?
7, 2011
Let j = -73 + 61. What are the prime factors of 201 - 9 - j/(2 + 2)?
3, 5, 13
Let c(a) = -5007*a**3 + a**2 - 5*a - 5. Let h be c(-1). Suppose 782 + h = 10*n. What are the prime factors of n?
3, 193
Let s = -130 - -137. Let y be -22*((35/2)/s + 3). Let u = y + 209. List the prime factors of u.
2, 11
Suppose 6183 = -436*f + 437*f. What are the prime factors of f?
3, 229
Suppose -4*s = -2*i + 72, 5*i - 5*s + s - 156 = 0. Let c = 224 - i. List the prime factors of c.
2, 7
Suppose -19*j - 41062 - 24857 + 344345 = 0. What are the prime factors of j?
2, 17, 431
Suppose 4*g + 65*b - 63*b - 252 = 0, -b = 5*g - 321. List the prime factors of g.
5, 13
Let c = -13109 + 26001. List the prime factors of c.
2, 11, 293
Let b = 11305 - -242. List the prime factors of b.
3, 1283
Let m = 4156 + 6691. What are the prime factors of m?
10847
Suppose -19*c + 45 = 7. Let l(m) = 2827 - c*m + 5*m**2 - m - 2812. List the prime factors of l(-5).
5, 31
Let w(x) = -307*x**3 + 22*x**2 + 24*x - 9. What are the prime factors of w(-5)?
2, 3, 53, 61
Let a(n) = -n + 1. Let g be (-2 + 0 + -3)*(-2)/10. Let v be a(g). Suppose v = 4*k - 5*c - 139, 0 = -0*k + 4*k + 4*c - 184. List the prime factors of k.
41
Let j = -22284 + 38475. What are the prime factors of j?
3, 7, 257
Let m(b) = 2*b**2 + 24*b + 44. Let w be m(-14). Suppose -14 = -4*v + 2*z, -5*z - 10 = -3*v + 11. Suppose -w = v*s - 3*s. What are the prime factors of s?
2, 5
What are the prime factors of 169780/546 + 1/21?
311
Let l be (-36)/(-2) + (4 - 7). Suppose i - l = -5*n + 6*i, -2*n = 5*i + 15. Suppose n*f = -f + 11. List the prime factors of f.
11
Suppose -48*v + 58*v = 60. List the prime factors of 1075/v + (-10)/60.
179
Let x(z) = 2*z**2 + z + 15. Let i be x(5). Suppose -3*u + 98 = -i. Suppose -6*b + 10*b = u. List the prime factors of b.
2, 7
Let u be 4/14 + 66/14. Suppose 7*o = 4*h + 12, 0 = 6*h - 11*h - 2*o + 28. Suppose -u*a + 4 = -1, 2*a + 318 = h*f. List the prime factors of f.
2, 5
Let n(r) = -r**3 - 29*r**2 + 3*r + 73. Let o be n(-29). List the prime factors of (-8 + -26)*(8 + -4 + o).
2, 5, 17
Suppose 2*n + 1 = 5*c + 2, 2*n = c - 11. Let p be (-12)/n - (-18)/63. Suppose 3*h = -2*o + 96, -5 = o - p. List the prime factors of h.
2, 17
Let x = 13907 + -1566. What are the prime factors of x?
7, 41, 43
Suppose 3*n = n. Let h be (10/(-15))/(3 - (-1937)/(-645)). Suppose n = 8*v - h - 473. What are the prime factors of v?
2, 43
Let b be (-2 - -5 - (-2 - 0))/1. Suppose -b*o = 4*o - 2*o. Suppose 0 = -o*i + 5*i - 160. What are the prime factors of i?
2
Let b(g) = g**2 - 10*g - 7. Let x be b(11). Suppose -3 - 33 = 2*t + x*a, 4*a = -12. What are the prime factors of (1 + 2)/(-9) - 1048/t?
3, 29
Let k(i) = -10*i**3 + 2*i**2 + 3*i - 3. Let w(r) = -r**2 + 6*r + 36. Let h be w(10). What are the prime factors of k(h)?
3, 73
Suppose 9011 = x - 632. Suppose -x = -38*p + 5557. List the prime factors of p.
2, 5
Let x(d) = -66 + 18*d + 25*d + 9*d. Let h(z) = 301*z - 1197. Let j be h(4). What are the prime factors of x(j)?
2, 149
Let u = -132 + 1494. What are the prime factors of u?
2, 3, 227
Suppose -3*s + 1 = -2*r, -r + 2 = 7. Let k = 11 - s. What are the prime factors of 550/8 + k/56?
3, 23
What are the prime factors of (428/(-14))/(150/(-3675))?
7, 107
Let c(b) = -785 + 1591 - 789 + b**3 + 9*b**2 + 12*b. Let o(r) = 6*r**3 - 2*r**2 - 2*r - 1. Let a be o(-1). List the prime factors of c(a).
31
Let i(n) = -n**3 + 2*n**2 + 8*n + 3. Let u be i(-5). Let d(w) = -198*w - 66. Let l be d(-1). Let t = u - l. List the prime factors of t.
2, 3
Suppose x + 2*z - z = -1013, -2*z = 4*x + 4054. List the prime factors of ((-108)/(-81))/((-4)/x).
2, 13
Suppose -5*p - 16 = -9*p. Suppose -4*x = 20, 0 = -4*w + 2*w - p*x + 518. Suppose -5*s = -326 - w. List the prime factors of s.
7, 17
Let m = 2136 - -194. Suppose 5*o + 5807 = 10*o - 4*i, 0 = -2*o - 2*i + m. List the prime factors of o.
1163
Let q be 150/(-9)*27/(-6). Suppose -q = l - 267. What are the prime factors of l?
2, 3
Suppose 11*c = 6*c + 180. Suppose -41*p + c*p + 15 = 0. Suppose -3 = x + 1, -2*g = -p*x - 292. What are the prime factors of g?
2, 5, 7
Let h(y) = -231*y - 1768. What are the prime factors of h(-52)?
2, 13, 197
Let w(h) = -607*h + 11657. What are the prime factors of w(-118)?
3, 17, 23, 71
Let g(o) = -9*o**3 - 10*o**2 - 11*o - 42. List the prime factors of g(-5).
2, 3, 37
List the prime factors of 19/(19/10954) - -5.
3, 13, 281
Let r = 5969 + -4537. List the prime factors of r.
2, 179
Let z(j) = 84*j**3 + 1. Let w = 5 - 4. Let v be z(w). Suppose 4*f = -3*n + v, -3*f = -3*n - f + 115. List the prime factors of n.
5, 7
Let n = -27604 + 48426. What are the prime factors of n?
2, 29, 359
Let f = 10983 + -97. What are the prime factors of f?
2, 5443
Let a = 777 - -978. Suppose 3*j = -2*j + a. Suppose -8*k + j = k. What are the prime factors of k?
3, 13
Suppose 3*a + 42 = -99. Let k(r) = -r**3 - 48*r**2 - 49*r + 26. List the prime factors of k(a).
2, 3, 5
What are the prime factors of -4 - (12189/(-2) + 24/(-16))?
2, 1523
Let m(l) = -43*l**3 - 9*l**2 + 19*l - 4. Let v be m(3). Let h = v + 2995. What are the prime factors of h?
2, 3, 7, 43
Let l(w) = -827*w + 6567. List the prime factors of l(-10).
37, 401
Let o(t) = 141*t**2 - 24*t. Let l be o(6). Suppose -7*g + l = 5*g. What are the prime factors of g?
3, 137
Let w(a) = a + 50. Let g = 53 - 53. Let k be -1 + g + 6 + -5. List the prime factors of w(k).
2, 5
Suppose 0 = -4*p - 4*u + 324, u + u + 398 = 5*p. Let o = 3812 + -3796. Let j = p + o. List the prime factors of j.
2, 3
Let c be 14/2*3/21. What are the prime factors of c/(6810/3404 - (-17 + 19))?
2, 23, 37
Let f(h) = 41*h**2 + 203*h + 2236. What are the prime factors of f(-12)?
2, 23, 31
Let x = -11334 - -58308. What are the prime factors of x?
2, 3, 7829
Suppose 2*h + 38430 = 5*f, -5*f + h = -38378 - 47. List the prime factors of f.
2, 17, 113
Suppose -1760 = -5*m - 2*z + 33639, 0 = -5*z - 15. List the prime factors of